t is the remainder when 6656 is divided by 950?
6
What is the remainder when 92881 is divided by 6179?
196
Calculate the remainder when 319720 is divided by 249.
4
What is the remainder when 80282 is divided by 85?
42
What is the remainder when 653110 is divided by 564?
562
Calculate the remainder when 1849 is divided by 468.
445
What is the remainder when 3112 is divided by 259?
4
Calculate the remainder when 3639687 is divided by 79.
78
What is the remainder when 7109304 is divided by 229?
228
Calculate the remainder when 21327 is divided by 135.
132
Calculate the remainder when 324 is divided by 7.
2
What is the remainder when 32412 is divided by 1410?
1392
What is the remainder when 11119 is divided by 92?
79
Calculate the remainder when 43114 is divided by 136.
2
What is the remainder when 1592 is divided by 340?
232
What is the remainder when 83800 is divided by 882?
10
What is the remainder when 39306 is divided by 332?
130
Calculate the remainder when 60789 is divided by 24.
21
Calculate the remainder when 12870 is divided by 6433.
4
Calculate the remainder when 1030 is divided by 512.
6
What is the remainder when 12374 is divided by 1543?
30
Calculate the remainder when 22237 is divided by 18.
7
What is the remainder when 3062 is divided by 6?
2
Calculate the remainder when 42811 is divided by 161.
146
Calculate the remainder when 5613 is divided by 431.
10
What is the remainder when 1055 is divided by 23?
20
Calculate the remainder when 883178 is divided by 99.
98
What is the remainder when 23928 is divided by 771?
27
What is the remainder when 18312 is divided by 877?
772
Calculate the remainder when 282752 is divided by 40391.
15
What is the remainder when 2446 is divided by 88?
70
What is the remainder when 1890 is divided by 84?
42
What is the remainder when 2501 is divided by 218?
103
Calculate the remainder when 97777 is divided by 24441.
13
What is the remainder when 3842 is divided by 50?
42
What is the remainder when 19478 is divided by 43?
42
Calculate the remainder when 826 is divided by 400.
26
What is the remainder when 992 is divided by 50?
42
Calculate the remainder when 26631 is divided by 138.
135
What is the remainder when 2633 is divided by 63?
50
What is the remainder when 26663 is divided by 22?
21
What is the remainder when 50810 is divided by 17?
14
Calculate the remainder when 362233 is divided by 201.
31
What is the remainder when 664 is divided by 27?
16
Calculate the remainder when 259 is divided by 96.
67
Calculate the remainder when 57680 is divided by 79.
10
What is the remainder when 4602 is divided by 860?
302
Calculate the remainder when 130871 is divided by 15.
11
What is the remainder when 312906 is divided by 35?
6
What is the remainder when 26044 is divided by 1436?
196
Calculate the remainder when 21578 is divided by 7118.
224
Calculate the remainder when 71059 is divided by 22.
21
Calculate the remainder when 37019 is divided by 1163.
966
Calculate the remainder when 4972 is divided by 123.
52
Calculate the remainder when 29834 is divided by 397.
59
Calculate the remainder when 3741 is divided by 341.
331
What is the remainder when 7341 is divided by 245?
236
What is the remainder when 150259 is divided by 297?
274
What is the remainder when 48141 is divided by 6865?
86
What is the remainder when 52928 is divided by 980?
8
What is the remainder when 30089 is divided by 99?
92
What is the remainder when 21967 is divided by 16?
15
What is the remainder when 1794 is divided by 34?
26
Calculate the remainder when 87935 is divided by 229.
228
What is the remainder when 2317 is divided by 2298?
19
What is the remainder when 7928 is divided by 179?
52
What is the remainder when 3642 is divided by 1209?
15
What is the remainder when 2519 is divided by 825?
44
Calculate the remainder when 2224957 is divided by 17.
14
What is the remainder when 1062246 is divided by 70?
66
What is the remainder when 55102 is divided by 520?
502
What is the remainder when 262238 is divided by 449?
22
What is the remainder when 11191 is divided by 400?
391
What is the remainder when 81357 is divided by 60?
57
What is the remainder when 2114 is divided by 20?
14
What is the remainder when 212201 is divided by 160?
41
What is the remainder when 8693 is divided by 12?
5
What is the remainder when 1251519 is divided by 91?
87
Calculate the remainder when 95421 is divided by 61.
17
What is the remainder when 5744 is divided by 1432?
16
What is the remainder when 40442 is divided by 42?
38
Calculate the remainder when 946341 is divided by 14.
11
What is the remainder when 387549 is divided by 11?
8
What is the remainder when 931390 is divided by 465?
460
What is the remainder when 1940 is divided by 37?
16
What is the remainder when 750953 is divided by 487?
486
Calculate the remainder when 9312 is divided by 211.
28
What is the remainder when 48566 is divided by 16?
6
What is the remainder when 56795 is divided by 51?
32
What is the remainder when 7401 is divided by 800?
201
What is the remainder when 13822 is divided by 5?
2
What is the remainder when 99459 is divided by 108?
99
Calculate the remainder when 2632 is divided by 461.
327
Calculate the remainder when 6046 is divided by 2982.
82
What is the remainder when 1462024 is divided by 107?
83
What is the remainder when 10713 is divided by 134?
127
What is the remainder when 1170151 is divided by 8?
7
What is the remainder when 35920 is divided by 1016?
360
What is the remainder when 2797 is divided by 137?
57
Calculate the remainder when 38958 is divided by 63.
24
What is the remainder when 607469 is divided by 44?
5
Calculate the remainder when 85739 is divided by 63.
59
What is the remainder when 7833 is divided by 5?
3
What is the remainder when 16020 is divided by 7993?
34
Calculate the remainder when 220147 is divided by 55.
37
What is the remainder when 18653 is divided by 16833?
1820
Calculate the remainder when 5147 is divided by 320.
27
Calculate the remainder when 820018 is divided by 1185.
1183
Calculate the remainder when 17593 is divided by 12.
1
What is the remainder when 7845 is divided by 2609?
18
What is the remainder when 53534 is divided by 2141?
9
What is the remainder when 78299 is divided by 715?
364
What is the remainder when 335 is divided by 52?
23
Calculate the remainder when 50527 is divided by 357.
190
What is the remainder when 6506 is divided by 1070?
86
Calculate the remainder when 17372 is divided by 5789.
5
What is the remainder when 7111 is divided by 155?
136
What is the remainder when 32888 is divided by 34?
10
What is the remainder when 784 is divided by 231?
91
What is the remainder when 2031 is divided by 21?
15
Calculate the remainder when 585647 is divided by 336.
335
Calculate the remainder when 2693 is divided by 156.
41
Calculate the remainder when 1156 is divided by 544.
68
What is the remainder when 109413 is divided by 38?
11
Calculate the remainder when 23191 is divided by 446.
445
Calculate the remainder when 379280 is divided by 2495.
40
Calculate the remainder when 326704 is divided by 51.
49
Calculate the remainder when 290447 is divided by 644.
3
What is the remainder when 14842357 is divided by 1460?
1457
Calculate the remainder when 23181 is divided by 5.
1
Calculate the remainder when 31456 is divided by 15713.
30
What is the remainder when 1371653 is divided by 10?
3
Calculate the remainder when 17736 is divided by 81.
78
Calculate the remainder when 5059 is divided by 108.
91
Calculate the remainder when 967 is divided by 49.
36
What is the remainder when 7734 is divided by 954?
102
What is the remainder when 1744 is divided by 862?
20
What is the remainder when 252150 is divided by 239?
5
Calculate the remainder when 128672 is divided by 7.
5
What is the remainder when 218332 is divided by 54575?
32
What is the remainder when 342108 is divided by 38?
32
What is the remainder when 14492 is divided by 13?
10
Calculate the remainder when 4972 is divided by 2464.
44
What is the remainder when 35444 is divided by 807?
743
What is the remainder when 1103 is divided by 247?
115
What is the remainder when 38734 is divided by 5?
4
What is the remainder when 4430 is divided by 824?
310
Calculate the remainder when 2501 i